{"id":10,"date":"2021-02-08T19:49:20","date_gmt":"2021-02-08T22:49:20","guid":{"rendered":"http:\/\/67.23.238.17\/~ppghsuerjpro\/novo\/?page_id=10"},"modified":"2022-12-02T11:55:40","modified_gmt":"2022-12-02T14:55:40","slug":"graducao-em-historia","status":"publish","type":"page","link":"https:\/\/www.ppghsuerj.pro.br\/en\/graducao-em-historia\/","title":{"rendered":"Gradu\u00e7\u00e3o em <b>Hist\u00f3ria<\/b>"},"content":{"rendered":"<p>Em nosso\u00a0<strong>curso de licenciatura em Hist\u00f3ria<\/strong>, pretendemos oferecer aos nossos alunos instrumentos te\u00f3rico-metodol\u00f3gicos para que possam atender a diferentes demandas contempor\u00e2neas. Visamos \u00e0\u00a0<strong>forma\u00e7\u00e3o do professor de Hist\u00f3ria<\/strong>\u00a0capacitado ao exerc\u00edcio do trabalho de historiador em todas as suas dimens\u00f5es, o que sup\u00f5e pleno dom\u00ednio da natureza do conhecimento hist\u00f3rico e das pr\u00e1ticas essenciais de sua produ\u00e7\u00e3o e difus\u00e3o.<\/p>\n<p>O profissional que formamos estar\u00e1 em condi\u00e7\u00f5es de suprir demandas sociais relativas ao seu campo de conhecimento (magist\u00e9rio em todos os graus, desenvolvimento de projetos de pesquisa, preserva\u00e7\u00e3o do patrim\u00f4nio, assessorias a entidades p\u00fablicas e privadas nos setores culturais, art\u00edsticos, tur\u00edsticos, etc.). Em nossa perspectiva, a\u00a0<strong>forma\u00e7\u00e3o do profissional de Hist\u00f3ria<\/strong>\u00a0se fundamenta no exerc\u00edcio da pesquisa e sua rela\u00e7\u00e3o com o ensino, com uma postura cr\u00edtica, \u00e9tica e comprometida com o seu tempo. Ele ser\u00e1 capaz de realizar a cr\u00edtica de qualquer narrativa historiogr\u00e1fica, o que, no nosso entender, lhe assegura a capacidade de escrever seus pr\u00f3prios textos. Um profissional habilitado a produzir e transmitir conhecimentos de forma cr\u00edtica e vinculada \u00e0 realidade do mundo em que vive.<\/p>\n<p><span class=\"txt-vermelho\">Endere\u00e7o:<\/span>\u00a0Rua Francisco Portela 1470, Patronato &#8211; S\u00e3o Gon\u00e7alo\/RJ<br \/>\n<span class=\"txt-vermelho\">Cep:<\/span>\u00a024435-000<br \/>\n<span class=\"txt-vermelho\">Telefone:<\/span>\u00a0(21) 3705-2227, ramal 227<br \/>\n<span class=\"txt-vermelho\">Email:<\/span>\u00a0dch.uerj@gmail.com<br \/>\n<strong>Hor\u00e1rio de atendimento da Secretaria<\/strong>:\u00a014 \u00e0s 20 horas<\/p>\n<p><span class=\"txt-vermelho\">Chefia:<\/span>\u00a0Eduardo Scheidt<br \/>\n<span class=\"txt-vermelho\">Sub-chefia:<\/span>\u00a0Carlos Mauro de Oliveira Junior<br \/>\n<span class=\"txt-vermelho\">Coordena\u00e7\u00e3o de Gradua\u00e7\u00e3o:<\/span>\u00a0Gustavo Villela Lima da Costa<br \/>\n<span class=\"txt-vermelho\">Coordena\u00e7\u00e3o de Atividades-Acad\u00eamico-Cient\u00edfico-Culturais:<\/span>\u00a0Ana Paula Lopes Pereira<\/p>\n<p>Para entender melhor o funcionamento do curso de Gradua\u00e7\u00e3o em Hist\u00f3ria, baixe o\u00a0<strong>Caderno do Curso de Hist\u00f3ria<\/strong>\u00a0no link\u00a0<strong>Regulamentos e Normas<\/strong><\/p>","protected":false},"excerpt":{"rendered":"<p>Em nosso\u00a0curso de licenciatura em Hist\u00f3ria, pretendemos oferecer aos nossos alunos instrumentos te\u00f3rico-metodol\u00f3gicos para que possam atender a diferentes demandas contempor\u00e2neas. Visamos \u00e0\u00a0forma\u00e7\u00e3o do professor de Hist\u00f3ria\u00a0capacitado ao exerc\u00edcio do trabalho de historiador em todas as suas dimens\u00f5es, o que sup\u00f5e pleno dom\u00ednio da natureza do conhecimento hist\u00f3rico e das pr\u00e1ticas essenciais de sua produ\u00e7\u00e3o &hellip; <a href=\"https:\/\/www.ppghsuerj.pro.br\/en\/graducao-em-historia\/\" class=\"more-link\">Continue reading <span class=\"screen-reader-text\">Gradu\u00e7\u00e3o em <b>Hist\u00f3ria<\/b><\/span><\/a><\/p>\n","protected":false},"author":1,"featured_media":0,"parent":0,"menu_order":0,"comment_status":"closed","ping_status":"closed","template":"","meta":{"_acf_changed":false,"footnotes":""},"class_list":["post-10","page","type-page","status-publish","hentry"],"acf":[],"yoast_head":"<!-- This site is optimized with the Yoast SEO plugin v26.9 - https:\/\/yoast.com\/product\/yoast-seo-wordpress\/ -->\n<title>Gradu\u00e7\u00e3o em Hist\u00f3ria - Portal da \u00c1rea da Hist\u00f3ria da FFP\/UERJ<\/title>\n<meta name=\"robots\" content=\"index, follow, max-snippet:-1, max-image-preview:large, max-video-preview:-1\" \/>\n<link rel=\"canonical\" href=\"https:\/\/www.ppghsuerj.pro.br\/graducao-em-historia\/\" \/>\n<meta property=\"og:locale\" content=\"en_US\" \/>\n<meta property=\"og:type\" content=\"article\" \/>\n<meta property=\"og:title\" content=\"Gradu\u00e7\u00e3o em Hist\u00f3ria - Portal da \u00c1rea da Hist\u00f3ria da FFP\/UERJ\" \/>\n<meta property=\"og:description\" content=\"Em nosso\u00a0curso de licenciatura em Hist\u00f3ria, pretendemos oferecer aos nossos alunos instrumentos te\u00f3rico-metodol\u00f3gicos para que possam atender a diferentes demandas contempor\u00e2neas. Visamos \u00e0\u00a0forma\u00e7\u00e3o do professor de Hist\u00f3ria\u00a0capacitado ao exerc\u00edcio do trabalho de historiador em todas as suas dimens\u00f5es, o que sup\u00f5e pleno dom\u00ednio da natureza do conhecimento hist\u00f3rico e das pr\u00e1ticas essenciais de sua produ\u00e7\u00e3o &hellip; Continue reading Gradu\u00e7\u00e3o em Hist\u00f3ria\" \/>\n<meta property=\"og:url\" content=\"https:\/\/www.ppghsuerj.pro.br\/graducao-em-historia\/\" \/>\n<meta property=\"og:site_name\" content=\"Portal da \u00c1rea da Hist\u00f3ria da FFP\/UERJ\" \/>\n<meta property=\"article:modified_time\" content=\"2022-12-02T14:55:40+00:00\" \/>\n<meta name=\"twitter:card\" content=\"summary_large_image\" \/>\n<meta name=\"twitter:label1\" content=\"Est. reading time\" \/>\n\t<meta name=\"twitter:data1\" content=\"2 minutes\" \/>\n<script type=\"application\/ld+json\" class=\"yoast-schema-graph\">{\"@context\":\"https:\/\/schema.org\",\"@graph\":[{\"@type\":\"WebPage\",\"@id\":\"https:\/\/www.ppghsuerj.pro.br\/graducao-em-historia\/\",\"url\":\"https:\/\/www.ppghsuerj.pro.br\/graducao-em-historia\/\",\"name\":\"Gradu\u00e7\u00e3o em Hist\u00f3ria - Portal da \u00c1rea da Hist\u00f3ria da FFP\/UERJ\",\"isPartOf\":{\"@id\":\"https:\/\/www.ppghsuerj.pro.br\/#website\"},\"datePublished\":\"2021-02-08T22:49:20+00:00\",\"dateModified\":\"2022-12-02T14:55:40+00:00\",\"breadcrumb\":{\"@id\":\"https:\/\/www.ppghsuerj.pro.br\/graducao-em-historia\/#breadcrumb\"},\"inLanguage\":\"en-US\",\"potentialAction\":[{\"@type\":\"ReadAction\",\"target\":[\"https:\/\/www.ppghsuerj.pro.br\/graducao-em-historia\/\"]}]},{\"@type\":\"BreadcrumbList\",\"@id\":\"https:\/\/www.ppghsuerj.pro.br\/graducao-em-historia\/#breadcrumb\",\"itemListElement\":[{\"@type\":\"ListItem\",\"position\":1,\"name\":\"In\u00edcio\",\"item\":\"https:\/\/www.ppghsuerj.pro.br\/\"},{\"@type\":\"ListItem\",\"position\":2,\"name\":\"Gradu\u00e7\u00e3o em Hist\u00f3ria\"}]},{\"@type\":\"WebSite\",\"@id\":\"https:\/\/www.ppghsuerj.pro.br\/#website\",\"url\":\"https:\/\/www.ppghsuerj.pro.br\/\",\"name\":\"Portal da \u00c1rea da Hist\u00f3ria da FFP\/UERJ\",\"description\":\"\",\"potentialAction\":[{\"@type\":\"SearchAction\",\"target\":{\"@type\":\"EntryPoint\",\"urlTemplate\":\"https:\/\/www.ppghsuerj.pro.br\/?s={search_term_string}\"},\"query-input\":{\"@type\":\"PropertyValueSpecification\",\"valueRequired\":true,\"valueName\":\"search_term_string\"}}],\"inLanguage\":\"en-US\"}]}<\/script>\n<!-- \/ Yoast SEO plugin. -->","yoast_head_json":{"title":"Gradu\u00e7\u00e3o em Hist\u00f3ria - Portal da \u00c1rea da Hist\u00f3ria da FFP\/UERJ","robots":{"index":"index","follow":"follow","max-snippet":"max-snippet:-1","max-image-preview":"max-image-preview:large","max-video-preview":"max-video-preview:-1"},"canonical":"https:\/\/www.ppghsuerj.pro.br\/graducao-em-historia\/","og_locale":"en_US","og_type":"article","og_title":"Gradu\u00e7\u00e3o em Hist\u00f3ria - Portal da \u00c1rea da Hist\u00f3ria da FFP\/UERJ","og_description":"Em nosso\u00a0curso de licenciatura em Hist\u00f3ria, pretendemos oferecer aos nossos alunos instrumentos te\u00f3rico-metodol\u00f3gicos para que possam atender a diferentes demandas contempor\u00e2neas. Visamos \u00e0\u00a0forma\u00e7\u00e3o do professor de Hist\u00f3ria\u00a0capacitado ao exerc\u00edcio do trabalho de historiador em todas as suas dimens\u00f5es, o que sup\u00f5e pleno dom\u00ednio da natureza do conhecimento hist\u00f3rico e das pr\u00e1ticas essenciais de sua produ\u00e7\u00e3o &hellip; Continue reading Gradu\u00e7\u00e3o em Hist\u00f3ria","og_url":"https:\/\/www.ppghsuerj.pro.br\/graducao-em-historia\/","og_site_name":"Portal da \u00c1rea da Hist\u00f3ria da FFP\/UERJ","article_modified_time":"2022-12-02T14:55:40+00:00","twitter_card":"summary_large_image","twitter_misc":{"Est. reading time":"2 minutes"},"schema":{"@context":"https:\/\/schema.org","@graph":[{"@type":"WebPage","@id":"https:\/\/www.ppghsuerj.pro.br\/graducao-em-historia\/","url":"https:\/\/www.ppghsuerj.pro.br\/graducao-em-historia\/","name":"Gradu\u00e7\u00e3o em Hist\u00f3ria - Portal da \u00c1rea da Hist\u00f3ria da FFP\/UERJ","isPartOf":{"@id":"https:\/\/www.ppghsuerj.pro.br\/#website"},"datePublished":"2021-02-08T22:49:20+00:00","dateModified":"2022-12-02T14:55:40+00:00","breadcrumb":{"@id":"https:\/\/www.ppghsuerj.pro.br\/graducao-em-historia\/#breadcrumb"},"inLanguage":"en-US","potentialAction":[{"@type":"ReadAction","target":["https:\/\/www.ppghsuerj.pro.br\/graducao-em-historia\/"]}]},{"@type":"BreadcrumbList","@id":"https:\/\/www.ppghsuerj.pro.br\/graducao-em-historia\/#breadcrumb","itemListElement":[{"@type":"ListItem","position":1,"name":"In\u00edcio","item":"https:\/\/www.ppghsuerj.pro.br\/"},{"@type":"ListItem","position":2,"name":"Gradu\u00e7\u00e3o em Hist\u00f3ria"}]},{"@type":"WebSite","@id":"https:\/\/www.ppghsuerj.pro.br\/#website","url":"https:\/\/www.ppghsuerj.pro.br\/","name":"Portal da \u00c1rea da Hist\u00f3ria da FFP\/UERJ","description":"","potentialAction":[{"@type":"SearchAction","target":{"@type":"EntryPoint","urlTemplate":"https:\/\/www.ppghsuerj.pro.br\/?s={search_term_string}"},"query-input":{"@type":"PropertyValueSpecification","valueRequired":true,"valueName":"search_term_string"}}],"inLanguage":"en-US"}]}},"_links":{"self":[{"href":"https:\/\/www.ppghsuerj.pro.br\/en\/wp-json\/wp\/v2\/pages\/10","targetHints":{"allow":["GET"]}}],"collection":[{"href":"https:\/\/www.ppghsuerj.pro.br\/en\/wp-json\/wp\/v2\/pages"}],"about":[{"href":"https:\/\/www.ppghsuerj.pro.br\/en\/wp-json\/wp\/v2\/types\/page"}],"author":[{"embeddable":true,"href":"https:\/\/www.ppghsuerj.pro.br\/en\/wp-json\/wp\/v2\/users\/1"}],"replies":[{"embeddable":true,"href":"https:\/\/www.ppghsuerj.pro.br\/en\/wp-json\/wp\/v2\/comments?post=10"}],"version-history":[{"count":7,"href":"https:\/\/www.ppghsuerj.pro.br\/en\/wp-json\/wp\/v2\/pages\/10\/revisions"}],"predecessor-version":[{"id":1310,"href":"https:\/\/www.ppghsuerj.pro.br\/en\/wp-json\/wp\/v2\/pages\/10\/revisions\/1310"}],"wp:attachment":[{"href":"https:\/\/www.ppghsuerj.pro.br\/en\/wp-json\/wp\/v2\/media?parent=10"}],"curies":[{"name":"wp","href":"https:\/\/api.w.org\/{rel}","templated":true}]}}

Gradução em <b>História</b>

<p>Em nosso <strong>curso de licenciatura em História</strong>, pretendemos oferecer aos nossos alunos instrumentos teórico-metodológicos para que possam atender a diferentes demandas contemporâneas. Visamos à <strong>formação do professor de História</strong> capacitado ao exercício do trabalho de historiador em todas as suas dimensões, o que supõe pleno domínio da natureza do conhecimento histórico e das práticas essenciais de sua produção e difusão.</p>
<p>O profissional que formamos estará em condições de suprir demandas sociais relativas ao seu campo de conhecimento (magistério em todos os graus, desenvolvimento de projetos de pesquisa, preservação do patrimônio, assessorias a entidades públicas e privadas nos setores culturais, artísticos, turísticos, etc.). Em nossa perspectiva, a <strong>formação do profissional de História</strong> se fundamenta no exercício da pesquisa e sua relação com o ensino, com uma postura crítica, ética e comprometida com o seu tempo. Ele será capaz de realizar a crítica de qualquer narrativa historiográfica, o que, no nosso entender, lhe assegura a capacidade de escrever seus próprios textos. Um profissional habilitado a produzir e transmitir conhecimentos de forma crítica e vinculada à realidade do mundo em que vive.</p>
<p><span class="txt-vermelho">Endereço:</span> Rua Francisco Portela 1470, Patronato &#8211; São Gonçalo/RJ<br />
<span class="txt-vermelho">Cep:</span> 24435-000<br />
<span class="txt-vermelho">Telefone:</span> (21) 3705-2227, ramal 227<br />
<span class="txt-vermelho">Email:</span> dch.uerj@gmail.com<br />
<strong>Horário de atendimento da Secretaria</strong>: 14 às 20 horas</p>
<p><span class="txt-vermelho">Chefia:</span> Eduardo Scheidt<br />
<span class="txt-vermelho">Sub-chefia:</span> Carlos Mauro de Oliveira Junior<br />
<span class="txt-vermelho">Coordenação de Graduação:</span> Gustavo Villela Lima da Costa<br />
<span class="txt-vermelho">Coordenação de Atividades-Acadêmico-Científico-Culturais:</span> Ana Paula Lopes Pereira</p>
<p>Para entender melhor o funcionamento do curso de Graduação em História, baixe o <strong>Caderno do Curso de História</strong> no link <strong>Regulamentos e Normas</strong></p>

<p>Em nosso curso de licenciatura em História, pretendemos oferecer aos nossos alunos instrumentos teórico-metodológicos para que possam atender a diferentes demandas contemporâneas. Visamos à formação do professor de História capacitado ao exercício do trabalho de historiador em todas as suas dimensões, o que supõe pleno domínio da natureza do conhecimento histórico e das práticas essenciais de sua produção &hellip; <a href="https://www.ppghsuerj.pro.br/en/graducao-em-historia/" class="more-link">Continue reading <span class="screen-reader-text">Gradução em <b>História</b></span></a></p>

<!-- This site is optimized with the Yoast SEO plugin v26.9 - https://yoast.com/product/yoast-seo-wordpress/ -->
<title>Gradução em História - Portal da Área da História da FFP/UERJ</title>
<meta name="robots" content="index, follow, max-snippet:-1, max-image-preview:large, max-video-preview:-1" />
<link rel="canonical" href="https://www.ppghsuerj.pro.br/graducao-em-historia/" />
<meta property="og:locale" content="en_US" />
<meta property="og:type" content="article" />
<meta property="og:title" content="Gradução em História - Portal da Área da História da FFP/UERJ" />
<meta property="og:description" content="Em nosso curso de licenciatura em História, pretendemos oferecer aos nossos alunos instrumentos teórico-metodológicos para que possam atender a diferentes demandas contemporâneas. Visamos à formação do professor de História capacitado ao exercício do trabalho de historiador em todas as suas dimensões, o que supõe pleno domínio da natureza do conhecimento histórico e das práticas essenciais de sua produção &hellip; Continue reading Gradução em História" />
<meta property="og:url" content="https://www.ppghsuerj.pro.br/graducao-em-historia/" />
<meta property="og:site_name" content="Portal da Área da História da FFP/UERJ" />
<meta property="article:modified_time" content="2022-12-02T14:55:40+00:00" />
<meta name="twitter:card" content="summary_large_image" />
<meta name="twitter:label1" content="Est. reading time" />
	<meta name="twitter:data1" content="2 minutes" />
<script type="application/ld+json" class="yoast-schema-graph">{"@context":"https://schema.org","@graph":[{"@type":"WebPage","@id":"https://www.ppghsuerj.pro.br/graducao-em-historia/","url":"https://www.ppghsuerj.pro.br/graducao-em-historia/","name":"Gradução em História - Portal da Área da História da FFP/UERJ","isPartOf":{"@id":"https://www.ppghsuerj.pro.br/#website"},"datePublished":"2021-02-08T22:49:20+00:00","dateModified":"2022-12-02T14:55:40+00:00","breadcrumb":{"@id":"https://www.ppghsuerj.pro.br/graducao-em-historia/#breadcrumb"},"inLanguage":"en-US","potentialAction":[{"@type":"ReadAction","target":["https://www.ppghsuerj.pro.br/graducao-em-historia/"]}]},{"@type":"BreadcrumbList","@id":"https://www.ppghsuerj.pro.br/graducao-em-historia/#breadcrumb","itemListElement":[{"@type":"ListItem","position":1,"name":"Início","item":"https://www.ppghsuerj.pro.br/"},{"@type":"ListItem","position":2,"name":"Gradução em História"}]},{"@type":"WebSite","@id":"https://www.ppghsuerj.pro.br/#website","url":"https://www.ppghsuerj.pro.br/","name":"Portal da Área da História da FFP/UERJ","description":"","potentialAction":[{"@type":"SearchAction","target":{"@type":"EntryPoint","urlTemplate":"https://www.ppghsuerj.pro.br/?s={search_term_string}"},"query-input":{"@type":"PropertyValueSpecification","valueRequired":true,"valueName":"search_term_string"}}],"inLanguage":"en-US"}]}</script>
<!-- / Yoast SEO plugin. -->

Gradução em História - Portal da Área da História da FFP/UERJ

Em nosso curso de licenciatura em História, pretendemos oferecer aos nossos alunos instrumentos teórico-metodológicos para que possam atender a diferentes demandas contemporâneas. Visamos à formação do professor de História capacitado ao exercício do trabalho de historiador em todas as suas dimensões, o que supõe pleno domínio da natureza do conhecimento histórico e das práticas essenciais de sua produção &hellip; Continue reading Gradução em História

Portal da Área da História da FFP/UERJ

Início

Gradução em História
